hat is the units digit of 23851928?
8
What is the ten thousands digit of 13061367?
6
What is the ten thousands digit of 20775550?
7
What is the ten thousands digit of 553190?
5
What is the thousands digit of 1177240?
7
What is the hundred thousands digit of 284087?
2
What is the hundreds digit of 90357?
3
What is the tens digit of 241434?
3
What is the thousands digit of 3070195?
0
What is the thousands digit of 186829?
6
What is the tens digit of 175489?
8
What is the ten thousands digit of 99787?
9
What is the thousands digit of 690661?
0
What is the ten millions digit of 10090098?
1
What is the ten thousands digit of 326618?
2
What is the hundred thousands digit of 2658021?
6
What is the tens digit of 10925509?
0
What is the ten thousands digit of 3455988?
5
What is the thousands digit of 14033703?
3
What is the millions digit of 15003816?
5
What is the millions digit of 11656576?
1
What is the hundreds digit of 94193?
1
What is the ten thousands digit of 325558?
2
What is the thousands digit of 1069668?
9
What is the hundreds digit of 2976767?
7
What is the tens digit of 4109589?
8
What is the hundred thousands digit of 611434?
6
What is the hundred thousands digit of 657565?
6
What is the tens digit of 691706?
0
What is the thousands digit of 102069?
2
What is the tens digit of 2141753?
5
What is the hundred thousands digit of 572031?
5
What is the thousands digit of 218627?
8
What is the ten thousands digit of 4007645?
0
What is the ten thousands digit of 280656?
8
What is the tens digit of 212003?
0
What is the thousands digit of 716174?
6
What is the units digit of 376570?
0
What is the thousands digit of 809203?
9
What is the hundred thousands digit of 28916016?
9
What is the hundreds digit of 390218?
2
What is the millions digit of 1191680?
1
What is the thousands digit of 415285?
5
What is the units digit of 37482161?
1
What is the tens digit of 358282?
8
What is the units digit of 932087?
7
What is the hundred thousands digit of 7906930?
9
What is the hundreds digit of 7400513?
5
What is the units digit of 4572850?
0
What is the hundreds digit of 841473?
4
What is the tens digit of 13556547?
4
What is the ten thousands digit of 323041?
2
What is the ten thousands digit of 65368?
6
What is the thousands digit of 8559019?
9
What is the hundred thousands digit of 711046?
7
What is the hundreds digit of 10195530?
5
What is the units digit of 9896869?
9
What is the hundred thousands digit of 2972281?
9
What is the ten thousands digit of 638906?
3
What is the hundred thousands digit of 194095?
1
What is the tens digit of 2249462?
6
What is the units digit of 3068800?
0
What is the tens digit of 53646?
4
What is the units digit of 6142125?
5
What is the hundreds digit of 761444?
4
What is the ten thousands digit of 44328?
4
What is the hundreds digit of 131911?
9
What is the hundreds digit of 4895127?
1
What is the tens digit of 1505518?
1
What is the units digit of 181343?
3
What is the tens digit of 281392?
9
What is the millions digit of 2220273?
2
What is the ten thousands digit of 2517279?
1
What is the thousands digit of 12359173?
9
What is the thousands digit of 26429515?
9
What is the units digit of 2205647?
7
What is the ten thousands digit of 321460?
2
What is the ten thousands digit of 3768449?
6
What is the ten thousands digit of 7449411?
4
What is the thousands digit of 555078?
5
What is the thousands digit of 1024615?
4
What is the hundred thousands digit of 1314652?
3
What is the ten thousands digit of 327556?
2
What is the thousands digit of 2750356?
0
What is the tens digit of 11821338?
3
What is the hundreds digit of 18591323?
3
What is the hundred thousands digit of 312356?
3
What is the units digit of 144453?
3
What is the hundreds digit of 1695?
6
What is the hundreds digit of 547609?
6
What is the ten thousands digit of 946951?
4
What is the ten thousands digit of 1796770?
9
What is the hundred thousands digit of 750288?
7
What is the hundred thousands digit of 291925?
2
What is the millions digit of 10754308?
0
What is the units digit of 9496743?
3
What is the hundred thousands digit of 510131?
5
What is the hundred thousands digit of 2419207?
4
What is the millions digit of 17134658?
7
What is the units digit of 37224687?
7
What is the ten thousands digit of 4322007?
2
What is the ten thousands digit of 32115?
3
What is the units digit of 133444?
4
What is the thousands digit of 26904752?
4
What is the hundred thousands digit of 2115798?
1
What is the units digit of 47321?
1
What is the hundreds digit of 15712979?
9
What is the thousands digit of 1120309?
0
What is the ten thousands digit of 316434?
1
What is the tens digit of 1687986?
8
What is the thousands digit of 661062?
1
What is the units digit of 1054665?
5
What is the ten thousands digit of 1368779?
6
What is the millions digit of 4346907?
4
What is the thousands digit of 28975945?
5
What is the hundred thousands digit of 6842983?
8
What is the thousands digit of 9675931?
5
What is the ten thousands digit of 2948493?
4
What is the hundreds digit of 865450?
4
What is the millions digit of 11376527?
1
What is the tens digit of 10776?
7
What is the hundreds digit of 16729795?
7
What is the ten millions digit of 11691197?
1
What is the thousands digit of 244806?
4
What is the tens digit of 2343387?
8
What is the millions digit of 8259241?
8
What is the millions digit of 2291758?
2
What is the ten thousands digit of 19819969?
1
What is the ten thousands digit of 368133?
6
What is the units digit of 1111022?
2
What is the thousands digit of 776535?
6
What is the hundreds digit of 5951304?
3
What is the tens digit of 727275?
7
What is the thousands digit of 3974331?
4
What is the ten thousands digit of 3006295?
0
What is the hundreds digit of 579684?
6
What is the hundreds digit of 10696?
6
What is the millions digit of 2104418?
2
What is the ten thousands digit of 1453756?
5
What is the hundreds digit of 353894?
8
What is the hundred thousands digit of 321494?
3
What is the thousands digit of 537236?
7
What is the tens digit of 281977?
7
What is the ten thousands digit of 524739?
2
What is the thousands digit of 18778121?
8
What is the ten thousands digit of 697280?
9
What is the millions digit of 9687210?
9
What is the units digit of 73564?
4
What is the thousands digit of 21327830?
7
What is the ten thousands digit of 14478979?
7
What is the hundred thousands digit of 3192911?
1
What is the hundred thousands digit of 1112145?
1
What is the units digit of 734734?
4
What is the thousands digit of 628245?
8
What is the thousands digit of 3092139?
2
What is the hundreds digit of 399114?
1
What is the hundreds digit of 126547?
5
What is the hundreds digit of 334610?
6
What is the thousands digit of 27518105?
8
What is the hundred thousands digit of 110142?
1
What is the millions digit of 4916521?
4
What is the hundred thousands digit of 2258691?
2
What is the ten thousands digit of 10076911?
7
What is the units digit of 3606944?
4
What is the millions digit of 8470309?
8
What is the units digit of 11201154?
4
What is the ten thousands digit of 9024095?
2
What is the millions digit of 3225548?
3
What is the units digit of 22852816?
6
What is the hundreds digit of 16793916?
9
What is the units digit of 222472?
2
What is the units digit of 12959695?
5
What is the hundred thousands digit of 436955?
4
What is the thousands digit of 814319?
4
What is the ten thousands digit of 4966625?
6
What is the ten thousands digit of 13531719?
3
What is the ten thousands digit of 1520831?
2
What is the ten thousands digit of 1520234?
2
What is the millions digit of 16703772?
6
What is the tens digit of 2585635?
3
What is the tens digit of 1009606?
0
What is the thousands digit of 13542433?
2
What is the thousands digit of 66213?
6
What is the thousands digit of 2342190?
2
What is the millions digit of 1053483?
1
What is the units digit of 4205118?
8
What is the thousands digit of 8921098?
1
What is the units digit of 1749975?
5
What is the ten millions digit of 21428239?
2
What is the units digit of 17180554?
4
What is the thousands digit of 29389?
9
What is the ten thousands digit of 983062?
8
What is the thousands digit of 1461279?
1
What is the thousands digit of 43673959?
3